
2, 19
Let a be 4/18 - (-1295)/45. Suppose 4*c - 2*c + 26 = l, 0 = 3*l + 5*c - 34. Let v = a - l. List the prime factors of v.
11
Let s(y) = 5*y. Let v be s(3). Suppose -v + 1 = -2*o. Suppose -o = -3*m + 11. What are the prime factors of m?
2, 3
Suppose 3*z = -z. Let l = 5 + z. Suppose -5*r - 6 = -m + 2, 2*r = -l*m + 13. List the prime factors of m.
3
Suppose -d - 4*d = 0. Suppose d*k - 3*k = 0. Suppose 4*o - 9 = -a - k*a, 18 = 3*o - 3*a. What are the prime factors of o?
3
Let b be 0/((-3 - -2) + 2). Let g(l) = l**2 + l - 1. Let f be g(2). Suppose 5*a + 2*y = b, 0 = -3*a + a + f*y + 29. What are the prime factors of a?
2
Suppose 2*y + 26 = 3*f, -f - 3*y + 2 = -2*y. Suppose -4*c = -m - 17, 4*m - 5*c + 5 = -8. Suppose -m*o = -f*o + 42. What are the prime factors of o?
2, 7
Let p = 149 + -73. What are the prime factors of (-1)/(-2 + 148/p)?
19
Let t = 82 - 9. What are the prime factors of t?
73
Let o be (-4)/((24/81)/4). Let i = -24 - o. List the prime factors of i.
2, 3, 5
Suppose 0 = -3*l - 6 - 6. Let m = 46 - l. What are the prime factors of m?
2, 5
Suppose 0 = 9*n - 6*n - 462. Suppose 46 = -4*t + n. What are the prime factors of t?
3
Let i be 2/9 - 40/18. Let m = 11 - i. What are the prime factors of m?
13
Let w = 6 - 0. Let v(f) = 3 + w*f**3 + 5*f**3 - 2 - 2*f**2. What are the prime factors of v(1)?
2, 5
Suppose 3*h - 51 = h - 3*x, -2*h + 5*x + 11 = 0. List the prime factors of (-41)/(-2) + 9/h.
3, 7
Let p = 1 - -1. Suppose -4*c = -a - 18, -3*a + 7 = c - p*a. Suppose v - 1 = c. What are the prime factors of v?
2, 3
Let l(u) = -10*u - 24. What are the prime factors of l(-8)?
2, 7
Suppose -p + w = -3*p + 139, -4*w = -4*p + 296. What are the prime factors of p?
71
What are the prime factors of (-3)/27 - 794/(-18)?
2, 11
Suppose -5*j = -3*j - 64. List the prime factors of j.
2
Let f be -2 + 4 + (25 - -1). Suppose -f = -3*b + 2*v + 42, -12 = -3*v. What are the prime factors of b?
2, 13
Suppose d + 8 = 2*d. What are the prime factors of d/(-8)*(-21 + -1)?
2, 11
Suppose -3*z - 2*j + 7 = 0, -2*j - j = -3*z + 12. Let g be z - (-4)/((-12)/15). List the prime factors of (g - -5) + (-1 - -1).
3
Suppose -6*t + 516 + 2034 = 0. List the prime factors of t.
5, 17
Let o(m) = m**2 - 3*m - 5. Let b be o(6). Suppose 4*k = 11 + b. What are the prime factors of k?
2, 3
Let w(t) = t**2 + 12*t - 4. What are the prime factors of w(6)?
2, 13
Suppose 4*k + 512 = 4*o, -3*k + 122 - 6 = o. Suppose 0 = 4*h + 5*c - o, -20 = -0*h - h + c. Suppose 0 = 5*b - 0*b - h. List the prime factors of b.
5
Suppose -4*y - 20 = 0, 4*u + y + 4*y - 1051 = 0. What are the prime factors of u?
269
Let x = 1 - -2. Suppose c + x*c - 20 = 0. Suppose -c*y + 5*f = -55, 4*y + 8*f = 3*f + 8. What are the prime factors of y?
7
Let y(c) = -c**2 + 8*c - 5. Let o(f) = -f**2 - 8*f. Let l be o(-7). Let x be y(l). List the prime factors of (0 - x)/(2/(-10)).
2, 5
Let t be (-120)/(-14) + (-18)/(-42). Suppose -15 = -3*g, 5*p = -t*g + 4*g + 80. List the prime factors of p.
11
Let t(q) = -q**3 - 3*q**2 + 6*q - 2. Suppose 0 = 2*f + 4*j + 10, -3*f + 2*j = f + 20. What are the prime factors of t(f)?
2, 3
Let m(p) = -3*p + 2. Let v be m(2). Let a(t) = -t + 9. Let y be a(0). What are the prime factors of y/6 - 18/v?
2, 3
Suppose -5*j = -0*j - 225. What are the prime factors of j?
3, 5
Suppose 86 = -2*g + 148. What are the prime factors of g?
31
Let x(r) = 6*r**2 + 5*r + 8. Let j(a) = -7*a**2 - 4*a - 8. Let p(v) = -5*j(v) - 6*x(v). Let t be p(-8). Let w = 14 - t. List the prime factors of w.
2, 3
Suppose 0 = -v + 11 - 4. Suppose 3*i + k + v = 0, -2*i - 3 - 3 = k. What are the prime factors of (i - 0)*0 - -3?
3
Let y(d) = d**2 - 8*d - 13. Let v be y(10). Suppose 2*u + 2*f = 16, -2*u + 13 = 4*f - v. List the prime factors of u.
2, 3
Suppose -2*q + 0*q = -2*t - 4, -4*q = 2*t - 14. Let s be (t - 75/6)*-2. Suppose -5*n + s = -n + m, -4*n = 5*m - 3. List the prime factors of n.
7
Let p(g) = g**2 - 7*g - 1. Let f be p(8). Suppose 3*m - 4*m + f = 0. List the prime factors of m.
7
Let o(q) = q**3 - 7*q**2 + 5*q + 1. Let c be o(6). Let m(t) = -7*t - 5. Let u be m(c). Let p = -17 + u. List the prime factors of p.
13
Suppose 0*n + n = 51. Let l = -33 + n. List the prime factors of l.
2, 3
What are the prime factors of (3/6)/((-10)/(-1620))?
3
Let j be ((-5)/4)/(3/12). What are the prime factors of 3/j - (-76)/10?
7
Let b(v) = -v**2 + 10*v - 5. Suppose h = 2*h - 9. Let p be b(h). Suppose p*d = -3*j - 0*d + 34, 4*j = -4*d + 40. What are the prime factors of j?
2, 3
Let x = 11 - 8. Suppose 8 = -5*u + x*u. Let w = u - -8. What are the prime factors of w?
2
Suppose 44 = -2*n + 4*n. Suppose 2*q = 4, 0 = i + 3*q - 37 - n. List the prime factors of i.
53
Let w be (-8)/(-20) - (-446)/10. Suppose 4*h - h - w = 0. List the prime factors of h.
3, 5
Let p be -6*(3/6 + 0). Let z = 1 - p. List the prime factors of z.
2
Suppose -2*c + 2 = -10. List the prime factors of c.
2, 3
Let u(l) = l**2 - 10*l + 11. Let d be u(9). Suppose -d*k + 12 = k. What are the prime factors of k?
2
Let h(p) = 13*p + 1. Suppose -3*b - 9 = -3*a, 0 = -4*b + a + 2 + 1. List the prime factors of h(b).
3
Suppose -3 = -s - 4. Let a = s - -5. Suppose 0 = -a*k - 4*c + 56, -2*k - c - 5 + 28 = 0. What are the prime factors of k?
3
Let a(k) = k**2 - 12*k - 8. What are the prime factors of a(14)?
2, 5
Let j(i) = 2*i**2 + 18*i - 36. List the prime factors of j(-15).
2, 3
Let l(j) be the second derivative of -j**4/6 + j**3/2 - 3*j**2/2 + 2*j. Let t be l(2). What are the prime factors of 5 + t - (0 + -7)?
7
Let s(i) = -i - 5. Let a be s(-7). Let v = 0 + a. Suppose 0 = 3*q + v*j + 3*j - 41, -5*q - 3*j = -47. List the prime factors of q.
7
Let f(a) = -16*a**3 + 3*a**2 + a - 2. Let t be f(-2). Suppose 2*w + 31 = l + 105, -l = 4*w - t. What are the prime factors of w?
5, 7
Let d(x) = 3*x - 15. Let i be d(9). Suppose -5 = -5*c + 5. What are the prime factors of (i/(-10))/(c/(-5))?
3
Suppose -2*f = -5*u - 32, -5*f + u + 3 + 31 = 0. Let t = 12 - f. List the prime factors of t.
2, 3
Let y(b) be the first derivative of 3*b**3 + 13*b**2/2 - 13*b + 1. Let r(c) = 4*c**2 + 6*c - 6. Let x(s) = 5*r(s) - 2*y(s). What are the prime factors of x(-4)?
2, 3
Let b = -142 + 229. List the prime factors of b.
3, 29
Let l(x) = -x**2. Let t(f) = -2*f**2 + 3*f - 2. Let q(d) = -6*l(d) + 2*t(d). List the prime factors of q(-6).
2
Let n be 1/(3/(-4))*-3. Suppose -14 = -j + n. List the prime factors of j.
2, 3
Let u = 11 - 8. List the prime factors of (72/16)/(u/8).
2, 3
Let b(u) be the first derivative of -u**4/4 - u**3 - 3*u**2/2 + 2. Let c be b(-3). Suppose c - 3 = 3*m. List the prime factors of m.
2
Let s(g) be the first derivative of -g**2/2 + 7*g - 3. Let o be s(4). List the prime factors of (-2 + o)/((-2)/(-18)).
3
Let l(m) = m**2 + 8*m - 3. Suppose -a - 6 + 0 = 0. Let t be l(a). Let z = 26 + t. What are the prime factors of z?
11
Suppose 8*g = 3*g - 30. What are the prime factors of (-48)/g - (-3 + 0)?
11
Let d(h) = -h**3 + 8*h**2 + 10*h - 7. Suppose -31 = -4*c + 5. Let k be d(c). Suppose -a - 5*r = 22, -r - 11 = -k*a - 0*r. What are the prime factors of a?
3
Let j = -14 - -5. List the prime factors of 12/(-54) - 191/j.
3, 7
Suppose -a = a + s, -5*a = -2*s - 18. Let v(f) = -14 + a*f + 34 - f. What are the prime factors of v(-11)?
3
Suppose -10*o - 2 = -11*o. List the prime factors of o.
2
Let f = 0 - -3. Suppose -5 = f*c - 14. Suppose -3*d + 3*j + 15 = 0, c*d + 0*j - 2*j = 13. List the prime factors of d.
3
Suppose 3*k = -3*k + 60. Suppose 3*y - k = 26. What are the prime factors of y?
2, 3
Let l(i) = -i**3 + 7*i**2 - 5*i + 1. List the prime factors of l(5).
2, 13
Suppose -2*k + 5*j + 10 = -7*k, -5*k - 4*j - 9 = 0. Let h = k - -17. What are the prime factors of h?
2
Let d = 6 - 12. Let s(r) = -r**3 - 7*r - 5. Let g(f) = f**3 + f**2 + 6*f + 4. Let o(i) = -6*g(i) - 5*s(i). What are the prime factors of o(d)?
7
Suppose 0*k = k - 4. Let v(b) = 5*b - 1. List the prime factors of v(k).
19
List the prime factors of (-3 + 2 - 2) + 49.
2, 23
Let z be (-201)/(-12) - (-6)/(-8). Suppose d + z = 2*d. What are the prime factors of d?
2
Let y(c) = c**3 + 13*c**2 + 9*c - 1. What are the prime factors of y(-12)?
5, 7
List the prime factors of (-1)/4 - (-2529)/36.
2, 5, 7
Let u be 6/4*(-4)/(-2). Suppose -u*w + 1 + 